 Let h be (72/(-16))/(y - 6/8). Let g(d) = -d**2 + 7*d - 6. Determine g(h).
0
Let t(c) = -7*c - 5. Let x(h) = -32*h + 11*h - 12 - 2 + 2*h. Let d(v) = -8*t(v) + 3*x(v). Determine d(-14).
12
Let h(y) = 2*y**3 + 3*y**2 + 5*y - 7. Let m be h(1). Let v(p) be the third derivative of 0*p + 4*p**2 + 1/3*p**4 - 1/60*p**5 - 1/6*p**m + 0. Give v(8).
-1
Suppose -8*h + 36 = -10*h + 4*x, 66 = -4*h + 2*x. Let q(r) = r**2 + 15*r + 21. Give q(h).
37
Let u(c) = c**3 - 6*c**2 + 6*c - 3. Let r be u(5). Let f(q) = 405*q - 2. Let l(y) = 303*y - 1. Let h(p) = -3*f(p) + 4*l(p). Give h(r).
-4
Suppose -2*d = 4*g - 34, -4*d - 2*g = -3*g - 113. Suppose 28*z - d*z = 5. Let l(n) = 3 + 3*n + 12 - z. Give l(-7).
-11
Let t(o) be the third derivative of -o**7/720 - o**6/80 + o**5/15 + o**4/6 + 91*o**2. Let p(f) be the third derivative of t(f). Give p(-3).
12
Let m(a) = a**3 + 14*a**2 + 12*a - 19. Suppose 76*i + 5 = 75*i. Let d(l) = -2*l**2 + 27*l + 172. Let r be d(i). Give m(r).
-6
Let k(q) = -7*q + 2 + 2 - 4 + 10*q. Calculate k(-11).
-33
Let h(y) be the third derivative of y**6/40 - 31*y**5/60 - y**4 + y**3 + 1443*y**2 + y + 2. Calculate h(11).
-16
Let w(t) be the second derivative of t**3/6 + 12*t**2 - 2*t + 203. What is w(-11)?
13
Let c = 2705 - 2707. Let t(p) = -p + 1. Calculate t(c).
3
Let d(f) = 7*f**3 - 22*f**2 + 51*f - 75. Let j(q) = 3*q**3 - 11*q**2 + 24*q - 37. Let g(h) = -4*d(h) + 9*j(h). Give g(-12).
-33
Let m(z) be the third derivative of -1/3*z**4 - 1 + 27*z**2 + 1/120*z**6 + 0*z + 7/6*z**3 - 7/60*z**5. Give m(8).
7
Let f(a) be the first derivative of -5/3*a**3 + 1/4*a**4 - 3*a**2 - 2*a - 25. Calculate f(6).
-2
Let w = -45 + 69. Let n(z) = 29*z + 0*z**2 - w*z - z**2. Suppose 24*x = 1402 - 1258. Calculate n(x).
-6
Let l(d) be the first derivative of d**7/840 - d**6/36 + d**5/15 + 13*d**4/24 + 25*d**3/3 - 2*d - 45. Let y(b) be the third derivative of l(b). What is y(9)?
4
Let l(s) = 24*s + 297. Let x be l(-12). Let d(r) be the third derivative of 2/3*r**3 + 3*r**2 + 1/12*r**4 + 0*r + 0. What is d(x)?
22
Let g(v) = -1786*v**2 + 38*v - 297. Let n(a) = 1531*a**2 - 38*a + 298. Let h(j) = -6*g(j) - 7*n(j). Calculate h(26).
8
Suppose -4 = 5*w - 14. Let x be (w/5 + 2)*110/(-33). Let c(n) = n**3 + 2*n**2 + 6*n - 11. Let v(b) = b**2 - b. Let g(m) = c(m) + 6*v(m). What is g(x)?
-11
Let f(h) = h**3 + 4 - 16 + 22*h - 33*h + 7*h**2. Let w be 39/(-6) - (-2 + 7/2). Determine f(w).
12
Let l(m) = 9*m + 26. Let j = 9069 - 9080. Give l(j).
-73
Let n(z) be the second derivative of z**4/12 - 4*z**3/3 + 1081*z + 1. Calculate n(7).
-7
Let y(r) = -160*r + 12*r**2 + 272*r - 11*r**2 + r**3 - 119*r - 5. Calculate y(-5).
-70
Let b(x) = x + 2. Let v(q) = -q**2 - 9*q + 137. Let g be v(-17). Determine b(g).
3
Let w(x) = 24*x**3 - x**2 + 5*x - 3. Let b(k) = -27*k**3 - 3*k + 2. Let l(u) = -3*b(u) - 2*w(u). Give l(1).
34
Let g(t) = -t. Let w(j) = 6*j + 2. Let m = 17 - 20. Let c(z) = m*g(z) - w(z). Let q(a) = -a**2 + a - 2. Let s be q(1). Give c(s).
4
Let i(c) be the first derivative of -c**6/120 + 7*c**5/60 - c**4/4 + 2*c**3/3 - c**2/2 + 20*c + 57. Let z(m) be the second derivative of i(m). Determine z(6).
4
Suppose 0 = -x + 2*x. Let n(b) = -13*b + 8. Let i(r) = -r + 4. Let f be i(10). Let t(j) = 7*j - 4. Let v(d) = f*n(d) - 11*t(d). Give v(x).
-4
Suppose 3 = 3*f + 3*p, 0*f + 22 = 6*f + 2*p. Let y(o) be the third derivative of 0*o + 19/120*o**6 + 0*o**4 + 0 + 1/6*o**3 + 13*o**2 + 0*o**f. What is y(-1)?
-18
Let h(m) = -2*m + 53. Suppose 0 = -7*s - 3372 - 3040. Let v = -893 - s. Give h(v).
7
Let v(w) = 8*w**3 - 1. Let b(a) = -a**3 + 14*a**2 - 17*a - 77. Let l be b(12). Let u be 2/2 - (-2 - -1). Suppose 9*d = l*d - u. Give v(d).
-9
Let b(q) = 2 - q + 3*q + 0*q - 3. Let i = 144 - 140. Give b(i).
7
Suppose 2*i + 99 = -7*i. Let y(u) be the third derivative of -u**5/60 - 13*u**4/24 - u**3/2 - 13*u**2 + 3. What is y(i)?
19
Let j(s) = s**2 + s - 9. Let g(l) = 5*l**2 - 3*l - 59. Let d(h) = -g(h) + 6*j(h). Give d(-5).
-15
Suppose -z = -l - 0 + 10, 0 = -z + 5*l - 10. Let u(b) = -9*b + 41*b - 13 + 0 - 17*b - 12*b. Calculate u(z).
-43
Let z(a) = 2*a**3 - 17555*a**2 - 6*a**3 + 3*a**3 - 17*a - 15 + 17546*a**2. Determine z(-6).
-21
Suppose -u + 16 = -4*o - 0*o, 4*u = 0. Let r be o/18 - ((-64)/(-36) - -4). Let p(w) = -w - 13. What is p(r)?
-7
Let y(p) = -p**3 + 3*p**2 - 2*p + 3. Let w = 24 + 186. Suppose -219 + w = -3*v. Calculate y(v).
-3
Let l = 4657 - 4659. Let d(g) = -4*g**2 - 4*g - 1. Determine d(l).
-9
Let l(v) = 11 + 114*v - 2*v**2 - 108*v - v**2 + 2*v**2. Calculate l(-5).
-44
Suppose -2*y = -8, -2*o - 12 = -4*y + 8. Let f(c) = -10*c**2 + 7*c + 4. Let k(x) = 9*x**2 - 6*x - 3. Let d(u) = 5*f(u) + 6*k(u). What is d(o)?
20
Let m = 177 - 181. Let i(h) be the third derivative of 1/4*h**4 + 0 + 6*h**2 + 1/30*h**5 + 0*h + 0*h**3. Determine i(m).
8
Let z(r) be the second derivative of 0 - r - 1/2*r**2 - 1/12*r**4 - 5/6*r**3. Suppose -43*q = -42*q + 6. Calculate z(q).
-7
Let n(v) = -2*v**2 - 4*v - 1. Let j(i) = -3*i**2 - 4*i - 1. Let l(a) = 3*j(a) - 4*n(a). Suppose -305*k - 487*k = -3960. Give l(k).
-4
Let w(q) = 3*q**3 - 7*q**2 - 2*q. Suppose 85*h = 47*h + 57*h + 38. Calculate w(h).
-48
Suppose -w + 9 = 115*q - 117*q, 2*q = -2. Let f(y) = -2*y + 13. Give f(w).
-1
Let z(h) = 2*h**3 - 6*h**2 + 6*h + 7. Let q(g) = -5*g**3 + 17*g**2 - 18*g - 20. Suppose -6*n + 5*n = -8. Let p(x) = n*z(x) + 3*q(x). What is p(-4)?
4
Let y(f) = -8*f + 28*f - 13*f - 7 - 4*f. Let h(x) = 10*x - 95. Let a be h(10). What is y(a)?
8
Let i(n) = n**3 - 7*n**2 + 6*n - 6. Let b(v) = v**2 + 4*v - 16. Let d = 240 + -237. Let t be b(d). What is i(t)?
-26
Let y(o) = 15*o - 147. Let r be y(10). Let v(g) = -7*g + 11*g**2 + 1 + 79*g**3 - 80*g**3 - r*g. Calculate v(10).
1
Let q(o) = -o**3 - 8*o**2 - 4*o - 2. Let c = 458 - 467. Let a be 7*(c/(-27) + (-12)/9). Calculate q(a).
-23
Let h be (-6)/(-15) + 36/(-15). Suppose 7*l = 113 - 71. Let d(v) = 1 - 4*v**2 + l*v**2 + v**2 - 2*v**2. What is d(h)?
5
Let m(n) = 7*n - 6. Suppose -21*w + 675 = 6*w. Let f(i) = -i**3 + 24*i**2 + 25*i + 4. Let s be f(w). Calculate m(s).
22
Let n(c) be the third derivative of c**7/2520 - c**6/80 + c**5/10 - 19*c**4/8 - 3*c**2 - 2*c. Let z(w) be the second derivative of n(w). Calculate z(8).
4
Let b(m) = -2*m - 6. Let p(u) = 127*u + 391. Let a be p(-3). Determine b(a).
-26
Suppose 0 = 5*p + 4*o, 7 = p - 2*o - 7. Let j be (1 - 4)/((-6)/p). Let k(r) = -6*r + 8*r**2 + 7*r**2 - 28*r**j + 11*r**2. Give k(-4).
-8
Let u(a) = 9*a**2 + a + 1. Let m(z) = -4*z - 3. Let g be m(-2). Suppose -5*k - g*s + 363 = -3*s, -20 = -5*s. Let h = k - 72. Give u(h).
9
Suppose -11*v - 35*v - 203 - 73 = 0. Let q(i) = -3 - 5*i**2 - 3 + 0*i**3 - i**3 + 5*i. What is q(v)?
0
Let o(c) be the third derivative of c**6/120 + c**5/30 - c**4/12 - c**3/6 + c**2. Let j be (-1452)/14 - (324/(-42) + 8). Let i = j - -102. Calculate o(i).
3
Let c(m) = 47 - 2*m**2 + 1407*m**3 - 9*m**2 + 22*m - 703*m**3 - 7*m**2 - 705*m**3. Determine c(-19).
-10
Let m(o) = 70*o**3 + 22*o**2 + 17*o - 1. Let b(z) = -9*z**3 - 3*z**2 - 2*z. Let v(q) = 31*b(q) + 4*m(q). Let i(s) = s + 4. Let a be i(0). Determine v(a).
4
Suppose 5*l + 4 = -6. Let w be (7 + -1 - 4)/((-1)/l). Let z(o) = -o - 3 + w*o + 2 + 3*o. Give z(3).
17
Let p be 2/4*1/(6/(-12)). Let j be (-32)/(-8) - (2 - (7 + p)). Let c(q) = q - 4. Determine c(j).
4
Let m(o) be the first derivative of -o**4/4 - 8*o**3/3 + 7*o**2/2 - 3*o + 4474. What is m(-8)?
-59
Let h(y) = 7*y + 350. Let i be h(-51). Let u(s) = -20*s - 137. Give u(i).
3
Let v(m) = -m**2 + 0 + 0 + 1 + m. Let a(h) = h**3 - 27*h**2 + 4. Let w be a(27). Suppose -9*l + 6*l - w*y - 14 = 0, 13 = -l - 3*y. Calculate v(l).
-1
Suppose 3*r - 10 = 4*h - 2*r, -5*r + 10 = 0. Let g(s) = 4 - 21*s**3 - 5*s**2 - 3*s + h*s**2 + 19*s**3. Give g(-3).
22
Let d(p) = -3*p**3 - 33*p**2 + 26*p - 12. Let x(l) = 4*l**3 + 49*l**2 - 39*l + 18. Let i(h) = 7*d(h) + 5*x(h). Suppose 5 = 17*y + 58 - 274. Calculate i(y).
6
Let c(y) = -y - 3. Let m(s) = s + 14 + 3561*s**3 + 3 + 19 - 3560*s**3 - 4 + 40*s**2. Let t be m(-40). Calculate c(t).
5
Let h(d) = -219*d + 222*d - 223 + 218. Suppose -6*c - 19 = 23. Give h(c).
-26
Let g(t) = -12*t + 318. Let f be g(27). Let c(z) = -z**3 - 9*z**2 - 20*z - 18. Calculate c(f).
-6
Let o(l) be the third derivative of l**7/5040 - l**